26. Suppose 13*z + 424 = s + r*z, -4 = -4*z. Is s prime?
True
Suppose 5*m + 1310 = 1320. Suppose 2 = j - 2. Suppose 0 = -q + 2*h + 371, -1494 = -j*q - 0*q - m*h. Is q composite?
False
Suppose -286*u + 26 = -284*u. Let c(b) = 32*b**2 + 17*b - 6. Is c(u) a prime number?
True
Suppose 5*s = g + 13288, g = -5*s + 6*g + 13300. Is s composite?
False
Suppose -120*z + 15251093 + 8753177 = -12475370. Is z prime?
True
Let h = -70193 + 215712. Is h composite?
True
Suppose 2*x + 3*x + 2*j - 51 = 0, 0 = -4*x + j + 33. Let m be (-45)/x*2/5 + 623. Suppose m = c - 41. Is c composite?
True
Let d(h) = -h + 26. Let o be d(20). Suppose 2*s + 2 = -o, -b + 1821 = 2*s. Is b prime?
False
Let r(q) = 6*q**2 + 819*q - 253. Is r(98) a composite number?
False
Suppose 5*r + 14557 = 4*v, -2*v - 3*r = -2*r - 7289. Suppose 0 = -d - 5*c + 3667, -d + c = -0*c - v. Is d a prime number?
False
Let m be 16/(-6) + (15/9)/(-5). Let a be (-1 - (-1)/3)*m. Suppose -5*n + 9840 = 4*z - n, 2*z - a*n = 4916. Is z composite?
False
Suppose 299 = 3*t - 562. Suppose 3*l = 4*c + 402, 0 = 3*l - 0*c - c - 393. Let g = t - l. Is g prime?
True
Let p(o) = -o**3 - 13*o**2 - 22*o + 3. Let f be p(-11). Let m(i) = 4*i**2 - 30*i - 17. Let z be m(13). Suppose f*t + 104 = z. Is t prime?
False
Let j be 1284/(-4) + 3 + (-16)/8. Is ((-60738)/(-10) - -1)/((-128)/j) a composite number?
False
Let q = -247308 + 353177. Is q a prime number?
False
Suppose 4*q = -6*q + 13*q - 527001. Is q composite?
True
Suppose -4*y + 406523 = 5*d, 7*d - 9 = 4*d. Is y prime?
True
Let f(p) = 778*p**2 + 83*p - 793. Is f(12) composite?
True
Is 812831/(-237)*((-400)/2 - 1) composite?
True
Let t(l) = l**2 - 18*l + 24. Let m be t(16). Is ((-9)/4 - m/4)*-7388 a composite number?
False
Let h(b) = b**2 + 4*b - 8. Let v be h(-6). Suppose -3 = -s, -3*o - 4*s = -7 - 14. Suppose o*d + 885 = 3*w, -124 = -3*w + v*d + 763. Is w a prime number?
True
Let v(f) = -79*f + 168. Let c be v(20). Is c/(-4) - (-17 - -11) composite?
False
Let v(i) = 26*i**2 - 2*i - 2. Let a be ((-9)/(-5))/(5 - (-52)/(-10)). Let s be v(a). Suppose -k = -c + 527, -2*k + s = 4*c + k. Is c a prime number?
False
Let n(t) = -t**3 + 5261 - 1396*t**2 + 666*t**2 + 702*t**2. Is n(0) prime?
True
Let g = -24738 - -143057. Is g a composite number?
True
Let k = 153 + -433. Is (k/126 - -2) + 69455/9 a prime number?
True
Suppose 0 = 2*u + 5*y - 15662, -4*u + 21282 + 10094 = -3*y. Suppose v + u = 2*v. Is v prime?
True
Let i = 367852 + -243681. Is i composite?
False
Suppose -155821 = -23*t - 611750. Let b = t + 28420. Is b composite?
False
Is ((-74)/259)/(2/(-2543177)) composite?
True
Let l(i) = 326*i**3 + 2*i**2 - 2*i + 10. Let n be l(7). Suppose 19*h = -5*h + n. Is h prime?
True
Suppose 0 = 2*k - 6*k - 3*i - 41573, 10406 = -k - 5*i. Let g = 23218 + k. Is g composite?
True
Suppose -361408 = -4*c - 14*y, -143910 + 595577 = 5*c + 2*y. Is c a prime number?
False
Suppose f - 3 = 1. Let l be (5 + 86/f)/((-2)/(-4)). Suppose -5*u + 569 = o, 2*u + l = -3*o + 291. Is u prime?
True
Let c be (8 - 6)*-1*-2. Suppose a + 2*b - 14615 = -c*a, 0 = -5*a + b + 14615. Is a prime?
False
Let n = -843 - -842. Let a(t) be the first derivative of -391*t**4/4 + t**3/3 - t + 2. Is a(n) composite?
True
Suppose -17*t = -20*t. Suppose p - 41982 = -0*h - 2*h, t = -4*h - 4*p + 83956. Is h a prime number?
False
Let l be (14/(-6) - -2) + 584/6. Suppose 93*m - l*m = -656. Is m/6*(4 - 1) prime?
False
Suppose 5*a = 38 + 122. Suppose -40*i + a*i + 71512 = 0. Is i a composite number?
True
Suppose -6*o + 250 = 76. Let m = 470 + o. Is m composite?
False
Let c(t) = 1006*t**2 - 2*t + 69. Let m be c(-9). Let a = -39104 + m. Is a prime?
False
Let x(b) = -b**3 - b**2 - 18*b + 5. Let a(m) = m**3 + 13*m - 4. Let z(h) = -4*a(h) - 3*x(h). Is z(-8) composite?
True
Is 12 + -6 - 2/(1 - (-1453179)/(-1453173)) prime?
True
Let f(r) = -110*r**2 - 6*r - 23. Let d be f(-9). Let z = -1470 - d. Suppose -4*k + 258 - 3236 = -2*i, 0 = 5*i - k - z. Is i a composite number?
False
Let r be 3*6/(-36)*2. Is 7406/(-46)*(r - 0) a prime number?
False
Let i(t) be the first derivative of -20*t**2 + 25*t + 10. Let m be i(-21). Suppose -4*u + 627 = -m. Is u a composite number?
False
Let o = -63865 + 102254. Is o composite?
True
Let y be -5 + 6 - (2 + 1). Is (y*1)/2*(-11 - 4460) prime?
False
Let p = -2131 - -5401. Let q = p + -2147. Is q a composite number?
False
Let v = 37 - 35. Suppose -3*c + 112 = v*x + 5282, 0 = x + 4*c + 2580. Let o = -1191 - x. Is o a prime number?
False
Let l(u) = u**2 + 3*u - 15. Let c be l(3). Suppose -1819 = -2*o + j, -3*o + 1737 = -c*j - 999. Is o a prime number?
True
Let l be 7/14 - 9/2*-1. Suppose z - 5*w - 30 = -82, -l*w - 236 = 3*z. Let i = z + 134. Is i prime?
False
Let a(b) = -24*b + 41 + 16*b**3 + 14*b + 4*b**2 - 6*b**2. Is a(4) prime?
False
Suppose 0 = 5*x - 2*k - 21640, -x - 12973 = -4*x - k. Suppose 2*l = 4*l + 2*d - x, 0 = -d + 2. Is l prime?
True
Suppose -28 = -6*j + 2*j. Let f(k) = 48*k**2 + 19*k - 5. Let u(t) = 95*t**2 + 37*t - 11. Let v(x) = -5*f(x) + 3*u(x). Is v(j) composite?
False
Let l(y) be the second derivative of 0 - 3*y + 14*y**3 + 7/2*y**2. Is l(3) a composite number?
True
Let u(w) = 2*w**2 + 0*w**2 + 1114*w**3 - 2 + 3 - 4*w + 2*w. Let r be u(1). Suppose r = -9*s + 14*s. Is s composite?
False
Suppose -1351964 = -57*n + 19*n - 82422. Is n a prime number?
True
Let d be (3/(-2))/((-5)/(-10)) - -6. Suppose d*q - 6 = -0, 3*q - 549 = -k. Is k a prime number?
False
Suppose 2*d - 110447 = 5*m - 37688, 5*d - 181821 = 4*m. Is d a prime number?
False
Let w(s) = s**3 - 77*s**2 - 31*s + 102. Is w(113) prime?
True
Let p = 422481 + -225370. Is p prime?
False
Let c be ((-1)/(-3))/((-7)/(-84)). Let d be c/(-8) - 13/(-4)*-74. Is 147/7*d/(-3) composite?
True
Suppose -5*w - 1563*v + 560109 = -1561*v, 0 = -2*w + 5*v + 224003. Is w a prime number?
True
Let m = -20393 + 36310. Is m a composite number?
True
Let o(r) = -3*r**3 + 202*r**2 - 93*r - 197. Is o(66) a composite number?
True
Suppose 158653 = 7*i - 120528. Is i a composite number?
False
Let f = 27832 - -45247. Is f a prime number?
True
Let b(f) = -2*f**2 + f + 7. Let o be (0/2)/(-4*4/(-16)). Let g be b(o). Let a(j) = 28*j**2 + 2*j + 5. Is a(g) a prime number?
False
Let f be (-9 - -9)/(-2 + -4 + 9). Suppose 11*i - 14*i + 39966 = f. Is i a prime number?
False
Let s(a) = 1528*a**2 - 74*a + 697. Is s(12) prime?
False
Let h(a) be the first derivative of -225/2*a**2 - 2*a + 9. Is h(-3) a prime number?
True
Let x = 27472 - -43761. Is x prime?
True
Suppose -1851*u + 1858*u = 70. Suppose u*g = -14*g + 53616. Is g prime?
False
Suppose -12 = -2*b, 5*s - 457687 = -20*b + 23*b. Is s composite?
False
Let g(h) = -1281*h + 13. Let q be g(-3). Suppose 2*y - q = 1878. Suppose 4*z - 3*l = y, -2*z + 5*l + 3590 = 3*z. Is z composite?
True
Suppose h - 3*u - 31 = -0*u, 0 = 4*h - 2*u - 84. Let p = h - -10. Suppose 4*d = 8, -p - 90 = -3*q - d. Is q a composite number?
True
Let p = 561160 + -353811. Is p a composite number?
True
Let m = -379 + 1588. Suppose -19*x + 2 = -18*x. Suppose -m = -l - x*l. Is l composite?
True
Let m be (44/(-6))/((-6)/27). Suppose 35*t + 484 = m*t. Let h = 687 + t. Is h a prime number?
False
Suppose -5*r = -2*x - 21, -3*r + 0*r + 9 = -3*x. Suppose -37*f + 2533 = -32*f + 2*u, -u - 1006 = -x*f. Is f a composite number?
True
Suppose -54 = -14*n + 23*n. Let j be ((-9226)/21)/((-4)/n). Let k = 1222 + j. Is k prime?
True
Is (-2)/6*(-9)/(-5) + 123156524/265 prime?
True
Let r be 422/6 + (-2)/(-3). Let c = 75 - r. Suppose -c*q - 2*p = -7839 - 4715, 0 = 2*q - 5*p - 6259. Is q prime?
True
Suppose -3*c + 3*v + 42 = 0, 0 = 3*c - 4*v - 15 - 26. Suppose -c = -3*w, 5*n - 4*w + 3*w = 3420. Is n a composite number?
True
Is (-94379)/(-5) - -1 - 11*(-40)/2200 composite?
True
Suppose -24890 = -0*w - 5*w - 5*c, 0 = 4*w - 2*c - 19882. Is w/9 + 52/117 a composite number?
True
Is ((-4)/1 - (-31 + 21)) + 160598/2 composite?
True
Suppose -23*r + 8108 = -5646. Is (35/70)/(0 + 1/r) a composite number?
True
Suppose -61 = -4*j + 3*u, 0 = j - 0*u + u - 10. Suppose j*y = -4*y. Suppose y = 7*g - 0*g - 18949. Is g composite?
False
Let w be (471/9)/((-2)/24*-4). Let n(a) = 10 + 2 - 3 + 3 - w*a. Is n(-5) prime?
True
Suppose 0 = -13*n + 178 - 3233. Let v = 2778 + n. Is v prime?
True
Let l(x) = -5*x - 6*x - x - 2 + 7